{"id":227,"date":"2025-12-05T12:35:18","date_gmt":"2025-12-05T10:35:18","guid":{"rendered":"https:\/\/godojo.ro\/?page_id=227"},"modified":"2025-12-06T11:07:59","modified_gmt":"2025-12-06T09:07:59","slug":"simbolism-si-metafora","status":"publish","type":"page","link":"https:\/\/godojo.ro\/index.php\/simbolism-si-metafora\/","title":{"rendered":"Simbolism \u0219i metafor\u0103"},"content":{"rendered":"\n<p style=\"font-size:16px\"><em>Pe goban, fiecare form\u0103 spune o poveste. Pietrele devin gesturi, rela\u021bii, \u00eenceputuri \u0219i finaluri. Go-ul are o for\u021b\u0103 metaforic\u0103 rar\u0103: deschide \u00een minte sensuri despre via\u021b\u0103, limite, vulnerabilitate \u0219i transformare. Un spa\u021biu \u00een care simbolul nu explic\u0103, ci invit\u0103.<\/em><\/p>\n\n\n<ul class=\"wp-block-latest-posts__list has-dates has-author wp-block-latest-posts\"><li><a class=\"wp-block-latest-posts__post-title\" href=\"https:\/\/godojo.ro\/index.php\/2025\/12\/05\/tabla-ca-harta-a-relatiilor-umane\/\">Tabla ca hart\u0103 a rela\u021biilor umane<\/a><div class=\"wp-block-latest-posts__post-author\">by admin<\/div><time datetime=\"2025-12-05T20:49:23+02:00\" class=\"wp-block-latest-posts__post-date\">December 5, 2025<\/time><div class=\"wp-block-latest-posts__post-excerpt\">Go-ul este, \u00een esen\u021b\u0103, un joc al rela\u021biilor. Pietrele nu ac\u021bioneaz\u0103 niciodat\u0103 singure. Ele se conecteaz\u0103, se sprijin\u0103, se ap\u0103r\u0103, se completeaz\u0103 sau se sl\u0103besc reciproc. Ele formeaz\u0103 lan\u021buri, structuri flexibile, grupuri stabile sau zone fragile. \u00cen mod natural, juc\u0103torul ajunge s\u0103 vad\u0103 tabla ca pe un organism complex \u00een &hellip; <p class=\"link-more\"><a href=\"https:\/\/godojo.ro\/index.php\/2025\/12\/05\/tabla-ca-harta-a-relatiilor-umane\/\" class=\"more-link\">Continue reading<span class=\"screen-reader-text\"> &#8220;Tabla ca hart\u0103 a rela\u021biilor umane&#8221;<\/span><\/a><\/p><\/div><\/li>\n<li><a class=\"wp-block-latest-posts__post-title\" href=\"https:\/\/godojo.ro\/index.php\/2025\/12\/05\/cele-doua-culori-zi-si-noapte-confruntare-si-colaborare\/\">Cele dou\u0103 culori: zi \u0219i noapte, confruntare \u0219i colaborare<\/a><div class=\"wp-block-latest-posts__post-author\">by admin<\/div><time datetime=\"2025-12-05T20:47:39+02:00\" class=\"wp-block-latest-posts__post-date\">December 5, 2025<\/time><div class=\"wp-block-latest-posts__post-excerpt\">Go-ul este un joc al contrastelor simple: alb \u0219i negru, dou\u0103 culori f\u0103r\u0103 grada\u021bii, f\u0103r\u0103 ambiguitate vizual\u0103. Totu\u0219i, realitatea jocului nu este dualist\u0103. De\u0219i culorile par s\u0103 reprezinte opozi\u021bia, ele construiesc \u00eempreun\u0103 structura partidei. Asemenea zilei \u0219i nop\u021bii, cele dou\u0103 culori nu sunt \u00een conflict existen\u021bial, ci \u00een rela\u021bie de &hellip; <p class=\"link-more\"><a href=\"https:\/\/godojo.ro\/index.php\/2025\/12\/05\/cele-doua-culori-zi-si-noapte-confruntare-si-colaborare\/\" class=\"more-link\">Continue reading<span class=\"screen-reader-text\"> &#8220;Cele dou\u0103 culori: zi \u0219i noapte, confruntare \u0219i colaborare&#8221;<\/span><\/a><\/p><\/div><\/li>\n<li><a class=\"wp-block-latest-posts__post-title\" href=\"https:\/\/godojo.ro\/index.php\/2025\/12\/05\/pietrele-ca-decizii-fiecare-alegere-ramane\/\">Pietrele ca decizii: fiecare alegere r\u0103m\u00e2ne<\/a><div class=\"wp-block-latest-posts__post-author\">by admin<\/div><time datetime=\"2025-12-05T20:45:52+02:00\" class=\"wp-block-latest-posts__post-date\">December 5, 2025<\/time><div class=\"wp-block-latest-posts__post-excerpt\">\u00cen Go, fiecare piatr\u0103 este o decizie vizibil\u0103. Nu poate fi retras\u0103, nu poate fi modificat\u0103, nu poate fi \u201ecorectat\u0103\u201d ulterior. A\u0219ezat\u0103 pe tabl\u0103, devine parte din structur\u0103, model\u00e2nd tot ce urmeaz\u0103. Jocul te oblig\u0103 s\u0103 accep\u021bi aceast\u0103 responsabilitate: ceea ce alegi r\u0103m\u00e2ne. Aceast\u0103 caracteristic\u0103 transform\u0103 Go-ul \u00eentr-o oglind\u0103 a &hellip; <p class=\"link-more\"><a href=\"https:\/\/godojo.ro\/index.php\/2025\/12\/05\/pietrele-ca-decizii-fiecare-alegere-ramane\/\" class=\"more-link\">Continue reading<span class=\"screen-reader-text\"> &#8220;Pietrele ca decizii: fiecare alegere r\u0103m\u00e2ne&#8221;<\/span><\/a><\/p><\/div><\/li>\n<\/ul>","protected":false},"excerpt":{"rendered":"<p>Pe goban, fiecare form\u0103 spune o poveste. Pietrele devin gesturi, rela\u021bii, \u00eenceputuri \u0219i finaluri. Go-ul are o for\u021b\u0103 metaforic\u0103 rar\u0103: deschide \u00een minte sensuri despre via\u021b\u0103, limite, vulnerabilitate \u0219i transformare. Un spa\u021biu \u00een care simbolul nu explic\u0103, ci invit\u0103.<\/p>\n","protected":false},"author":1,"featured_media":443,"parent":0,"menu_order":0,"comment_status":"closed","ping_status":"closed","template":"","meta":{"footnotes":""},"class_list":["post-227","page","type-page","status-publish","has-post-thumbnail","hentry"],"_links":{"self":[{"href":"https:\/\/godojo.ro\/index.php\/wp-json\/wp\/v2\/pages\/227","targetHints":{"allow":["GET"]}}],"collection":[{"href":"https:\/\/godojo.ro\/index.php\/wp-json\/wp\/v2\/pages"}],"about":[{"href":"https:\/\/godojo.ro\/index.php\/wp-json\/wp\/v2\/types\/page"}],"author":[{"embeddable":true,"href":"https:\/\/godojo.ro\/index.php\/wp-json\/wp\/v2\/users\/1"}],"replies":[{"embeddable":true,"href":"https:\/\/godojo.ro\/index.php\/wp-json\/wp\/v2\/comments?post=227"}],"version-history":[{"count":5,"href":"https:\/\/godojo.ro\/index.php\/wp-json\/wp\/v2\/pages\/227\/revisions"}],"predecessor-version":[{"id":500,"href":"https:\/\/godojo.ro\/index.php\/wp-json\/wp\/v2\/pages\/227\/revisions\/500"}],"wp:featuredmedia":[{"embeddable":true,"href":"https:\/\/godojo.ro\/index.php\/wp-json\/wp\/v2\/media\/443"}],"wp:attachment":[{"href":"https:\/\/godojo.ro\/index.php\/wp-json\/wp\/v2\/media?parent=227"}],"curies":[{"name":"wp","href":"https:\/\/api.w.org\/{rel}","templated":true}]}}